{"id":1162,"date":"2025-06-02T18:40:35","date_gmt":"2025-06-02T16:40:35","guid":{"rendered":"https:\/\/www.adrian-sieferle.de\/musik\/?page_id=1162"},"modified":"2026-04-26T16:05:19","modified_gmt":"2026-04-26T14:05:19","slug":"kontakt","status":"publish","type":"page","link":"https:\/\/www.adrian-sieferle.de\/musik\/kontakt\/","title":{"rendered":"Kontakt"},"content":{"rendered":"\n<div class=\"wp-block-group alignfull has-accent-4-background-color has-background has-global-padding is-layout-constrained wp-block-group-is-layout-constrained\">\n<div class=\"wp-block-group alignfull has-medium-font-size has-global-padding is-layout-constrained wp-block-group-is-layout-constrained\" style=\"padding-top:var(--wp--preset--spacing--40);padding-bottom:var(--wp--preset--spacing--40)\">\n<h2 class=\"wp-block-heading has-base-2-color has-text-color has-link-color wp-elements-14c24688275aede91256128eb8affcee\">Allgemeine Anfragen<\/h2>\n\n\n\n<ul class=\"wp-block-social-links has-normal-icon-size has-visible-labels has-icon-color is-style-logos-only is-layout-flex wp-block-social-links-is-layout-flex\"><li style=\"color:#ffffff;\" class=\"wp-social-link wp-social-link-mail has-base-2-color wp-block-social-link\"><a rel=\"noopener nofollow\" target=\"_blank\" href=\"https:\/\/www.adrian-sieferle.de\/helpdesk\/index.php?a=add\" class=\"wp-block-social-link-anchor\"><svg width=\"24\" height=\"24\" viewBox=\"0 0 24 24\" version=\"1.1\" xmlns=\"http:\/\/www.w3.org\/2000\/svg\" aria-hidden=\"true\" focusable=\"false\"><path d=\"M19,5H5c-1.1,0-2,.9-2,2v10c0,1.1.9,2,2,2h14c1.1,0,2-.9,2-2V7c0-1.1-.9-2-2-2zm.5,12c0,.3-.2.5-.5.5H5c-.3,0-.5-.2-.5-.5V9.8l7.5,5.6,7.5-5.6V17zm0-9.1L12,13.6,4.5,7.9V7c0-.3.2-.5.5-.5h14c.3,0,.5.2.5.5v.9z\"><\/path><\/svg><span class=\"wp-block-social-link-label\">E-Mail senden (Kontaktformular)<\/span><\/a><\/li>\n\n<li style=\"color:#ffffff;\" class=\"wp-social-link wp-social-link-chain has-base-2-color wp-block-social-link\"><a rel=\"noopener nofollow\" target=\"_blank\" href=\"tel:+4978039663405\" class=\"wp-block-social-link-anchor\"><svg width=\"24\" height=\"24\" viewBox=\"0 0 24 24\" version=\"1.1\" xmlns=\"http:\/\/www.w3.org\/2000\/svg\" aria-hidden=\"true\" focusable=\"false\"><path d=\"M15.6,7.2H14v1.5h1.6c2,0,3.7,1.7,3.7,3.7s-1.7,3.7-3.7,3.7H14v1.5h1.6c2.8,0,5.2-2.3,5.2-5.2,0-2.9-2.3-5.2-5.2-5.2zM4.7,12.4c0-2,1.7-3.7,3.7-3.7H10V7.2H8.4c-2.9,0-5.2,2.3-5.2,5.2,0,2.9,2.3,5.2,5.2,5.2H10v-1.5H8.4c-2,0-3.7-1.7-3.7-3.7zm4.6.9h5.3v-1.5H9.3v1.5z\"><\/path><\/svg><span class=\"wp-block-social-link-label\">Telefon: +49 7803 9663405<\/span><\/a><\/li><\/ul>\n<\/div>\n<\/div>\n\n\n\n<div style=\"height:30px\" aria-hidden=\"true\" class=\"wp-block-spacer\"><\/div>\n\n\n\n<div class=\"wp-block-columns alignwide is-layout-flex wp-container-core-columns-is-layout-28f84493 wp-block-columns-is-layout-flex\">\n<div class=\"wp-block-column is-layout-flow wp-block-column-is-layout-flow\">\n<figure class=\"wp-block-image aligncenter size-large\"><img fetchpriority=\"high\" decoding=\"async\" width=\"768\" height=\"1024\" src=\"https:\/\/www.adrian-sieferle.de\/musik\/wp-content\/uploads\/2026\/03\/IMG_4196-768x1024.jpeg\" alt=\"\" class=\"wp-image-2011\" style=\"aspect-ratio:0.7500000440665843\" srcset=\"https:\/\/www.adrian-sieferle.de\/musik\/wp-content\/uploads\/2026\/03\/IMG_4196-768x1024.jpeg 768w, https:\/\/www.adrian-sieferle.de\/musik\/wp-content\/uploads\/2026\/03\/IMG_4196-225x300.jpeg 225w, https:\/\/www.adrian-sieferle.de\/musik\/wp-content\/uploads\/2026\/03\/IMG_4196-1152x1536.jpeg 1152w, https:\/\/www.adrian-sieferle.de\/musik\/wp-content\/uploads\/2026\/03\/IMG_4196-1536x2048.jpeg 1536w, https:\/\/www.adrian-sieferle.de\/musik\/wp-content\/uploads\/2026\/03\/IMG_4196-500x667.jpeg 500w, https:\/\/www.adrian-sieferle.de\/musik\/wp-content\/uploads\/2026\/03\/IMG_4196-800x1067.jpeg 800w, https:\/\/www.adrian-sieferle.de\/musik\/wp-content\/uploads\/2026\/03\/IMG_4196-1280x1707.jpeg 1280w, https:\/\/www.adrian-sieferle.de\/musik\/wp-content\/uploads\/2026\/03\/IMG_4196-scaled.jpeg 1920w\" sizes=\"(max-width: 768px) 100vw, 768px\" \/><figcaption class=\"wp-element-caption\">Adrian Sieferle an der Winterhalter-Orgel der Hl. Kreuz Kirche in Offenburg<\/figcaption><\/figure>\n<\/div>\n\n\n\n<div class=\"wp-block-column is-layout-flow wp-block-column-is-layout-flow\">\n<div style=\"height:15px\" aria-hidden=\"true\" class=\"wp-block-spacer\"><\/div>\n\n\n\n<h3 class=\"wp-block-heading\">Musikalische Zusammenarbeit<\/h3>\n\n\n\n<p class=\"has-text-color has-link-color wp-elements-afd92dca0ea50ea47e0697c1c687eb8e\" style=\"color:#575757\">Ich freue mich \u00fcber Ihre Anfrage f\u00fcr eine musikalische Zusammenarbeit bei Ihrer Veranstaltung <strong>(Konzert, \u00f6ffentlicher Auftritt, Gottesdienst, Hochzeit, Tauffeier, Trauerfeier usw.)<\/strong>. Bitte verwenden Sie hierf\u00fcr das nachfolgende Kontaktformular:<\/p>\n\n\n\n<ul class=\"wp-block-social-links has-normal-icon-size has-visible-labels has-icon-color is-style-logos-only is-layout-flex wp-block-social-links-is-layout-flex\"><li style=\"color:#016565;\" class=\"wp-social-link wp-social-link-mail has-accent-4-color wp-block-social-link\"><a rel=\"noopener nofollow\" target=\"_blank\" href=\"https:\/\/www.adrian-sieferle.de\/helpdesk\/index.php?a=add&#038;category=15\" class=\"wp-block-social-link-anchor\"><svg width=\"24\" height=\"24\" viewBox=\"0 0 24 24\" version=\"1.1\" xmlns=\"http:\/\/www.w3.org\/2000\/svg\" aria-hidden=\"true\" focusable=\"false\"><path d=\"M19,5H5c-1.1,0-2,.9-2,2v10c0,1.1.9,2,2,2h14c1.1,0,2-.9,2-2V7c0-1.1-.9-2-2-2zm.5,12c0,.3-.2.5-.5.5H5c-.3,0-.5-.2-.5-.5V9.8l7.5,5.6,7.5-5.6V17zm0-9.1L12,13.6,4.5,7.9V7c0-.3.2-.5.5-.5h14c.3,0,.5.2.5.5v.9z\"><\/path><\/svg><span class=\"wp-block-social-link-label\">Kontaktformular \u00f6ffnen<\/span><\/a><\/li><\/ul>\n\n\n\n<div style=\"height:30px\" aria-hidden=\"true\" class=\"wp-block-spacer\"><\/div>\n\n\n\n<h3 class=\"wp-block-heading\">Termine vereinbaren<\/h3>\n\n\n\n<p class=\"has-text-color has-link-color wp-elements-c59f36c694a336ee360892c72947084f\" style=\"color:#575757\">Auf meiner Terminbuchungsseite k\u00f6nnen Sie meine verf\u00fcgbaren Zeiten einsehen und direkt einen <strong>Telefon-Termin, Probe-Termin<\/strong> oder <strong>Video-Call<\/strong> vereinbaren:<\/p>\n\n\n\n<ul class=\"wp-block-social-links has-normal-icon-size has-visible-labels has-icon-color is-style-logos-only is-layout-flex wp-block-social-links-is-layout-flex\"><li style=\"color:#016565;\" class=\"wp-social-link wp-social-link-chain has-accent-4-color wp-block-social-link\"><a rel=\"noopener nofollow\" target=\"_blank\" href=\"https:\/\/cal.com\/adriansieferle\" class=\"wp-block-social-link-anchor\"><svg width=\"24\" height=\"24\" viewBox=\"0 0 24 24\" version=\"1.1\" xmlns=\"http:\/\/www.w3.org\/2000\/svg\" aria-hidden=\"true\" focusable=\"false\"><path d=\"M15.6,7.2H14v1.5h1.6c2,0,3.7,1.7,3.7,3.7s-1.7,3.7-3.7,3.7H14v1.5h1.6c2.8,0,5.2-2.3,5.2-5.2,0-2.9-2.3-5.2-5.2-5.2zM4.7,12.4c0-2,1.7-3.7,3.7-3.7H10V7.2H8.4c-2.9,0-5.2,2.3-5.2,5.2,0,2.9,2.3,5.2,5.2,5.2H10v-1.5H8.4c-2,0-3.7-1.7-3.7-3.7zm4.6.9h5.3v-1.5H9.3v1.5z\"><\/path><\/svg><span class=\"wp-block-social-link-label\">Terminbuchungsseite \u00f6ffnen<\/span><\/a><\/li><\/ul>\n\n\n\n<div style=\"height:30px\" aria-hidden=\"true\" class=\"wp-block-spacer\"><\/div>\n\n\n\n<h3 class=\"wp-block-heading\">Post- und Paketsendungen<\/h3>\n\n\n\n<div class=\"wp-block-columns is-layout-flex wp-container-core-columns-is-layout-28f84493 wp-block-columns-is-layout-flex\">\n<div class=\"wp-block-column is-layout-flow wp-block-column-is-layout-flow\">\n<p class=\"has-text-color has-link-color wp-elements-2f4eb17f8828873dba23d1388e6cb7bd\" style=\"color:#575757\"><strong>Allgemein\/Briefe:<\/strong> <br>Adrian Sieferle<br>CAYA Postbox 587222<br>96035 Bamberg<\/p>\n<\/div>\n\n\n\n<div class=\"wp-block-column is-layout-flow wp-block-column-is-layout-flow\">\n<p class=\"has-text-color has-link-color wp-elements-b29c20142424a020be226de9381f1ac1\" style=\"color:#575757\"><strong>Notensendungen:<\/strong> <br>Adrian Sieferle<br>Postfach 1261<br>77602 Offenburg<\/p>\n<\/div>\n\n\n\n<div class=\"wp-block-column is-layout-flow wp-block-column-is-layout-flow\">\n<p class=\"has-text-color has-link-color wp-elements-a91f95b80c3c582725d4ac2a6c8759f0\" style=\"color:#575757\"><strong>Paketsendungen:<\/strong><br>Adrian Sieferle<br>947 425 624<br>Poststation 701<br>77791 Berghaupten<\/p>\n<\/div>\n<\/div>\n<\/div>\n<\/div>\n\n\n\n<div style=\"height:100px\" aria-hidden=\"true\" class=\"wp-block-spacer\"><\/div>\n","protected":false},"excerpt":{"rendered":"<p>Allgemeine Anfragen Musikalische Zusammenarbeit Ich freue mich \u00fcber Ihre Anfrage f\u00fcr eine musikalische Zusammenarbeit bei Ihrer Veranstaltung (Konzert, \u00f6ffentlicher Auftritt, Gottesdienst, Hochzeit, Tauffeier, Trauerfeier usw.). Bitte verwenden Sie hierf\u00fcr das nachfolgende Kontaktformular: Termine vereinbaren Auf meiner Terminbuchungsseite k\u00f6nnen Sie meine verf\u00fcgbaren Zeiten einsehen und direkt einen Telefon-Termin, Probe-Termin oder Video-Call vereinbaren: Post- und Paketsendungen Allgemein\/Briefe: [&hellip;]<\/p>\n","protected":false},"author":1,"featured_media":0,"parent":0,"menu_order":0,"comment_status":"closed","ping_status":"closed","template":"","meta":{"_themeisle_gutenberg_block_has_review":false,"footnotes":""},"class_list":["post-1162","page","type-page","status-publish","hentry"],"_links":{"self":[{"href":"https:\/\/www.adrian-sieferle.de\/musik\/wp-json\/wp\/v2\/pages\/1162","targetHints":{"allow":["GET"]}}],"collection":[{"href":"https:\/\/www.adrian-sieferle.de\/musik\/wp-json\/wp\/v2\/pages"}],"about":[{"href":"https:\/\/www.adrian-sieferle.de\/musik\/wp-json\/wp\/v2\/types\/page"}],"author":[{"embeddable":true,"href":"https:\/\/www.adrian-sieferle.de\/musik\/wp-json\/wp\/v2\/users\/1"}],"replies":[{"embeddable":true,"href":"https:\/\/www.adrian-sieferle.de\/musik\/wp-json\/wp\/v2\/comments?post=1162"}],"version-history":[{"count":35,"href":"https:\/\/www.adrian-sieferle.de\/musik\/wp-json\/wp\/v2\/pages\/1162\/revisions"}],"predecessor-version":[{"id":2076,"href":"https:\/\/www.adrian-sieferle.de\/musik\/wp-json\/wp\/v2\/pages\/1162\/revisions\/2076"}],"wp:attachment":[{"href":"https:\/\/www.adrian-sieferle.de\/musik\/wp-json\/wp\/v2\/media?parent=1162"}],"curies":[{"name":"wp","href":"https:\/\/api.w.org\/{rel}","templated":true}]}}

<div class="wp-block-group alignfull has-accent-4-background-color has-background has-global-padding is-layout-constrained wp-block-group-is-layout-constrained">
<div class="wp-block-group alignfull has-medium-font-size has-global-padding is-layout-constrained wp-block-group-is-layout-constrained" style="padding-top:var(--wp--preset--spacing--40);padding-bottom:var(--wp--preset--spacing--40)">
<h2 class="wp-block-heading has-base-2-color has-text-color has-link-color wp-elements-14c24688275aede91256128eb8affcee">Allgemeine Anfragen</h2>



<ul class="wp-block-social-links has-normal-icon-size has-visible-labels has-icon-color is-style-logos-only is-layout-flex wp-block-social-links-is-layout-flex"><li style="color:#ffffff;" class="wp-social-link wp-social-link-mail has-base-2-color wp-block-social-link"><a rel="noopener nofollow" target="_blank" href="https://www.adrian-sieferle.de/helpdesk/index.php?a=add" class="wp-block-social-link-anchor"><svg width="24" height="24" viewBox="0 0 24 24" version="1.1" xmlns="http://www.w3.org/2000/svg" aria-hidden="true" focusable="false"><path d="M19,5H5c-1.1,0-2,.9-2,2v10c0,1.1.9,2,2,2h14c1.1,0,2-.9,2-2V7c0-1.1-.9-2-2-2zm.5,12c0,.3-.2.5-.5.5H5c-.3,0-.5-.2-.5-.5V9.8l7.5,5.6,7.5-5.6V17zm0-9.1L12,13.6,4.5,7.9V7c0-.3.2-.5.5-.5h14c.3,0,.5.2.5.5v.9z"></path></svg><span class="wp-block-social-link-label">E-Mail senden (Kontaktformular)</span></a></li>

<li style="color:#ffffff;" class="wp-social-link wp-social-link-chain has-base-2-color wp-block-social-link"><a rel="noopener nofollow" target="_blank" href="tel:+4978039663405" class="wp-block-social-link-anchor"><svg width="24" height="24" viewBox="0 0 24 24" version="1.1" xmlns="http://www.w3.org/2000/svg" aria-hidden="true" focusable="false"><path d="M15.6,7.2H14v1.5h1.6c2,0,3.7,1.7,3.7,3.7s-1.7,3.7-3.7,3.7H14v1.5h1.6c2.8,0,5.2-2.3,5.2-5.2,0-2.9-2.3-5.2-5.2-5.2zM4.7,12.4c0-2,1.7-3.7,3.7-3.7H10V7.2H8.4c-2.9,0-5.2,2.3-5.2,5.2,0,2.9,2.3,5.2,5.2,5.2H10v-1.5H8.4c-2,0-3.7-1.7-3.7-3.7zm4.6.9h5.3v-1.5H9.3v1.5z"></path></svg><span class="wp-block-social-link-label">Telefon: +49 7803 9663405</span></a></li></ul>
</div>
</div>



<div style="height:30px" aria-hidden="true" class="wp-block-spacer"></div>



<div class="wp-block-columns alignwide is-layout-flex wp-container-core-columns-is-layout-28f84493 wp-block-columns-is-layout-flex">
<div class="wp-block-column is-layout-flow wp-block-column-is-layout-flow">
<figure class="wp-block-image aligncenter size-large"><img fetchpriority="high" decoding="async" width="768" height="1024" src="https://www.adrian-sieferle.de/musik/wp-content/uploads/2026/03/IMG_4196-768x1024.jpeg" alt="" class="wp-image-2011" style="aspect-ratio:0.7500000440665843" srcset="https://www.adrian-sieferle.de/musik/wp-content/uploads/2026/03/IMG_4196-768x1024.jpeg 768w, https://www.adrian-sieferle.de/musik/wp-content/uploads/2026/03/IMG_4196-225x300.jpeg 225w, https://www.adrian-sieferle.de/musik/wp-content/uploads/2026/03/IMG_4196-1152x1536.jpeg 1152w, https://www.adrian-sieferle.de/musik/wp-content/uploads/2026/03/IMG_4196-1536x2048.jpeg 1536w, https://www.adrian-sieferle.de/musik/wp-content/uploads/2026/03/IMG_4196-500x667.jpeg 500w, https://www.adrian-sieferle.de/musik/wp-content/uploads/2026/03/IMG_4196-800x1067.jpeg 800w, https://www.adrian-sieferle.de/musik/wp-content/uploads/2026/03/IMG_4196-1280x1707.jpeg 1280w, https://www.adrian-sieferle.de/musik/wp-content/uploads/2026/03/IMG_4196-scaled.jpeg 1920w" sizes="(max-width: 768px) 100vw, 768px" /><figcaption class="wp-element-caption">Adrian Sieferle an der Winterhalter-Orgel der Hl. Kreuz Kirche in Offenburg</figcaption></figure>
</div>



<div class="wp-block-column is-layout-flow wp-block-column-is-layout-flow">
<div style="height:15px" aria-hidden="true" class="wp-block-spacer"></div>



<h3 class="wp-block-heading">Musikalische Zusammenarbeit</h3>



<p class="has-text-color has-link-color wp-elements-afd92dca0ea50ea47e0697c1c687eb8e" style="color:#575757">Ich freue mich über Ihre Anfrage für eine musikalische Zusammenarbeit bei Ihrer Veranstaltung <strong>(Konzert, öffentlicher Auftritt, Gottesdienst, Hochzeit, Tauffeier, Trauerfeier usw.)</strong>. Bitte verwenden Sie hierfür das nachfolgende Kontaktformular:</p>



<ul class="wp-block-social-links has-normal-icon-size has-visible-labels has-icon-color is-style-logos-only is-layout-flex wp-block-social-links-is-layout-flex"><li style="color:#016565;" class="wp-social-link wp-social-link-mail has-accent-4-color wp-block-social-link"><a rel="noopener nofollow" target="_blank" href="https://www.adrian-sieferle.de/helpdesk/index.php?a=add&#038;category=15" class="wp-block-social-link-anchor"><svg width="24" height="24" viewBox="0 0 24 24" version="1.1" xmlns="http://www.w3.org/2000/svg" aria-hidden="true" focusable="false"><path d="M19,5H5c-1.1,0-2,.9-2,2v10c0,1.1.9,2,2,2h14c1.1,0,2-.9,2-2V7c0-1.1-.9-2-2-2zm.5,12c0,.3-.2.5-.5.5H5c-.3,0-.5-.2-.5-.5V9.8l7.5,5.6,7.5-5.6V17zm0-9.1L12,13.6,4.5,7.9V7c0-.3.2-.5.5-.5h14c.3,0,.5.2.5.5v.9z"></path></svg><span class="wp-block-social-link-label">Kontaktformular öffnen</span></a></li></ul>



<div style="height:30px" aria-hidden="true" class="wp-block-spacer"></div>



<h3 class="wp-block-heading">Termine vereinbaren</h3>



<p class="has-text-color has-link-color wp-elements-c59f36c694a336ee360892c72947084f" style="color:#575757">Auf meiner Terminbuchungsseite können Sie meine verfügbaren Zeiten einsehen und direkt einen <strong>Telefon-Termin, Probe-Termin</strong> oder <strong>Video-Call</strong> vereinbaren:</p>



<ul class="wp-block-social-links has-normal-icon-size has-visible-labels has-icon-color is-style-logos-only is-layout-flex wp-block-social-links-is-layout-flex"><li style="color:#016565;" class="wp-social-link wp-social-link-chain has-accent-4-color wp-block-social-link"><a rel="noopener nofollow" target="_blank" href="https://cal.com/adriansieferle" class="wp-block-social-link-anchor"><svg width="24" height="24" viewBox="0 0 24 24" version="1.1" xmlns="http://www.w3.org/2000/svg" aria-hidden="true" focusable="false"><path d="M15.6,7.2H14v1.5h1.6c2,0,3.7,1.7,3.7,3.7s-1.7,3.7-3.7,3.7H14v1.5h1.6c2.8,0,5.2-2.3,5.2-5.2,0-2.9-2.3-5.2-5.2-5.2zM4.7,12.4c0-2,1.7-3.7,3.7-3.7H10V7.2H8.4c-2.9,0-5.2,2.3-5.2,5.2,0,2.9,2.3,5.2,5.2,5.2H10v-1.5H8.4c-2,0-3.7-1.7-3.7-3.7zm4.6.9h5.3v-1.5H9.3v1.5z"></path></svg><span class="wp-block-social-link-label">Terminbuchungsseite öffnen</span></a></li></ul>



<div style="height:30px" aria-hidden="true" class="wp-block-spacer"></div>



<h3 class="wp-block-heading">Post- und Paketsendungen</h3>



<div class="wp-block-columns is-layout-flex wp-container-core-columns-is-layout-28f84493 wp-block-columns-is-layout-flex">
<div class="wp-block-column is-layout-flow wp-block-column-is-layout-flow">
<p class="has-text-color has-link-color wp-elements-2f4eb17f8828873dba23d1388e6cb7bd" style="color:#575757"><strong>Allgemein/Briefe:</strong> <br>Adrian Sieferle<br>CAYA Postbox 587222<br>96035 Bamberg</p>
</div>



<div class="wp-block-column is-layout-flow wp-block-column-is-layout-flow">
<p class="has-text-color has-link-color wp-elements-b29c20142424a020be226de9381f1ac1" style="color:#575757"><strong>Notensendungen:</strong> <br>Adrian Sieferle<br>Postfach 1261<br>77602 Offenburg</p>
</div>



<div class="wp-block-column is-layout-flow wp-block-column-is-layout-flow">
<p class="has-text-color has-link-color wp-elements-a91f95b80c3c582725d4ac2a6c8759f0" style="color:#575757"><strong>Paketsendungen:</strong><br>Adrian Sieferle<br>947 425 624<br>Poststation 701<br>77791 Berghaupten</p>
</div>
</div>
</div>
</div>



<div style="height:100px" aria-hidden="true" class="wp-block-spacer"></div>

<p>Allgemeine Anfragen Musikalische Zusammenarbeit Ich freue mich über Ihre Anfrage für eine musikalische Zusammenarbeit bei Ihrer Veranstaltung (Konzert, öffentlicher Auftritt, Gottesdienst, Hochzeit, Tauffeier, Trauerfeier usw.). Bitte verwenden Sie hierfür das nachfolgende Kontaktformular: Termine vereinbaren Auf meiner Terminbuchungsseite können Sie meine verfügbaren Zeiten einsehen und direkt einen Telefon-Termin, Probe-Termin oder Video-Call vereinbaren: Post- und Paketsendungen Allgemein/Briefe: [&hellip;]</p>
